) + (-2 - -4). Calculate the remainder when t(g) is divided by 8.
7
Let g(r) = 15*r - 18. Let b be g(11). Suppose 3*j = 231 + b. Let n(i) = -i**3 + 8*i**2 - 2*i - 7. Calculate the remainder when j is divided by n(3).
30
Suppose 0 = 32*h - 7*h - 7875. Let z = h - 289. What is the remainder when 128 is divided by z?
24
Let j(n) = n**2 - 58*n + 753. Suppose 3*f + 3*o + o = 36, -2*f = 4*o - 24. Calculate the remainder when j(19) is divided by 1/2*(f - 4).
0
Suppose 20*y - 27*y + 42 = 0. Suppose -y*f = -f - 4*b - 705, 25 = -5*b. What is the remainder when f is divided by 10?
7
Let f = 2199 + -1233. Suppose 762 = 12*t - f. Suppose -5*y + 166 - 17 = 2*x, -52 = -2*y + 3*x. What is the remainder when t is divided by y?
28
Let h = -2447 - -3834. Suppose -h = -45*r + 2753. What is the remainder when r is divided by 19?
16
Let l(j) = j**2 + 4*j - 12. Let x be l(-6). Suppose x = -3*m - m + 4, -b + 5*m + 27 = 0. Calculate the remainder when 253 is divided by b.
29
Let l(v) = 7*v + 6. Let z be l(-9). Let t = z - -65. Let p(o) = -4*o - 2. Calculate the remainder when p(-8) is divided by t.
6
Let d(j) = 2*j**2 + 2*j - 1. Let f be 1/(-2*1/4). Let l(r) = -5*r**3 + r**2 + 1. What is the remainder when d(-10) is divided by l(f)?
44
Let c(r) = 55*r**2 - 4*r + 3. Let j be c(1). Let y = 56 - j. Suppose 6*v + y*v = 88. Calculate the remainder when 41 is divided by v.
8
Suppose 3*h - 446 = 5*j, 3*h + 9*j - 466 = 10*j. Suppose 3 = -d, -d = 5*z - 3*z - 13. What is the remainder when h is divided by z?
5
Suppose 5*p - 17*b + 15*b = -20, 3*p = -3*b - 12. What is the remainder when (-10643)/(-58) + 2/4 + p is divided by 37?
32
Suppose 0 = 5*j + 4*s - 3066, 5*j - 2841 = -s + 213. What is the remainder when j is divided by (-2 - -51) + (-27 - -13)/7?
46
Let v(x) = 6*x**3 + 49*x**2 + 2*x - 46. What is the remainder when 516 is divided by v(-8)?
0
Suppose 138*t - 150*t + 312 = 0. What is the remainder when 285 is divided by t?
25
Suppose 4*t - 5*g = 2927, -3*t + 0*g = -g - 2209. What is the remainder when t is divided by 193?
159
Calculate the remainder when ((-32)/48)/((1/(-3))/(3027/6)) is divided by 44.
41
Let n be (-34)/(-8)*(1 - -3). Let t = n + 44. Let q = t + -34. Calculate the remainder when 52 is divided by q.
25
What is the remainder when -14 - 5580/(120/(-12)) is divided by 12?
4
Suppose 0 = 38*z - 16828 - 9582. Let j = -362 + z. What is the remainder when j is divided by 56?
53
Let o = -7913 - -8026. What is the remainder when o is divided by 51?
11
Let c be (13 - -23)/((-6)/4). Let i = c - -28. Calculate the remainder when 10 is divided by ((-408)/(-28))/2 + i/(-14).
3
Suppose 0*s + 3*s - 51 = 0. Let t(r) = -r**3 + 4*r**2 + 14*r + 6. Let v be t(-2). Suppose h = v*h - s. Calculate the remainder when h is divided by 11.
6
Suppose c - 996 = -970. Calculate the remainder when 4366 is divided by c.
24
Let o = 204 - 190. Let l(i) = i**2 - 7*i + 7. Let f be l(6). Let g = 7 + f. Calculate the remainder when o is divided by g.
6
Let p(x) = 14*x**2 - 4*x + 8. Let k(c) = 14*c**2 - 4*c + 11. Let b(f) = -2*k(f) + 3*p(f). What is the remainder when 82 is divided by b(1)?
10
Suppose -u + w = -5*u + 9211, -3*w + 4623 = 2*u. Calculate the remainder when u is divided by 48.
45
Suppose 3*i + t - 641 = 0, -4*i + 2*t + 502 + 356 = 0. Let k = i - 196. Calculate the remainder when 46 is divided by k.
10
Suppose 0 = s - 3*j - 97 + 64, 57 = s - 9*j. What is the remainder when 3144 is divided by s?
15
Let i = -464 - -461. Calculate the remainder when 45 is divided by (15 - 2) + -5*(i - -4).
5
Suppose -120*d = -69*d - 816. What is the remainder when (-9)/(-15) + (-7628)/(-20) - 2 is divided by d?
12
Suppose -3*o + 0 + 3 = 0, 258 = 5*u + 3*o. Calculate the remainder when 2819 is divided by u.
14
Let f be -2 - (-9 + (3 - -2)). Let h(k) = 25*k - 25. Calculate the remainder when 122 is divided by h(f).
22
Let c = -243 - -248. Suppose -3*k + 2*i = -0*k - 77, 20 = -c*i. What is the remainder when 134 is divided by k?
19
Let l(x) = -8*x + 10. Let k be l(-2). Let t = k + -16. Calculate the remainder when 128 is divided by t.
8
Suppose 3*o + 2*h = 47, 8*o - 2*h + 34 = 10*o. Let m(t) = -t**3 + 6*t**2 - 4*t - 3. Calculate the remainder when m(4) is divided by o.
0
Let c(w) = -4*w**2 + 2*w + 4. Let n be c(3). Let k be (-10 + 0 + 1)*(-6 - -5). What is the remainder when 68 is divided by (n + -1)*(-6)/k?
14
Suppose 299*n + 438*n + 994*n + 422*n - 6459 = 0. Suppose -3*q = 15 - 0. Calculate the remainder when q/(2 + 11/(-5)) is divided by n.
1
What is the remainder when 3488 is divided by -2 + 44043/63 - (-764)/(-8022)?
3
Suppose -o - 3*o = -292. Suppose -4*n = -3*d - 525, 0 = -4*n + 4*d + 58 + 466. Calculate the remainder when n is divided by o.
59
Suppose -3*t + 86 + 422 = 2*v, -4*t + 674 = 2*v. Calculate the remainder when 1144 is divided by t.
148
Suppose -1773 = 13*h + 2*h - 12003. Calculate the remainder when h is divided by 134.
12
Let f(x) = -51*x + 1500. What is the remainder when 155 is divided by f(29)?
8
Let n(f) = 3*f**3 - 2*f**2 - 9*f + 5. Let u be 9/(-3) + 3 + 3. Calculate the remainder when n(u) is divided by 11.
8
Let j = 512 + -488. Calculate the remainder when 305 is divided by (224/(-20))/(j/15 - 2).
25
Suppose 13 = -3*b - 2*j, -3*b - b = 4*j + 24. Let f(d) = 57*d**2 + 2*d + 1. Let u = -74 + 103. What is the remainder when f(b) is divided by u?
27
Let q(p) = -42*p - 3. Calculate the remainder when q(-4) is divided by 4/(-3)*(-204)/(-40)*(-300)/60.
29
Suppose -o = 5*m - 2*m - 9, -m - 2*o = -3. What is the remainder when 5 + 25*(-2)/(-4)*4 is divided by m?
1
Let y = -2482 - -1573. Let a = y - -1127. Calculate the remainder when a is divided by 16.
10
Let x(k) = -249*k + 1. Suppose -2*n + 49 = -b, -5*n + 73 = -6*b - 60. Calculate the remainder when x(-1) is divided by n.
20
Suppose -7*g - 41 + 118 = 0. Let l be 10 + -2 - 7 - (g + 0). What is the remainder when 1*(l - -1)*(-58)/6 is divided by 18?
15
Suppose -82*r - 25234 = -93*r. Calculate the remainder when r is divided by 14.
12
Let k(j) = 183*j + 835. Calculate the remainder when k(-3) is divided by 14.
6
Let k = 12 - 8. Suppose 42*z + 153 = 2379. Calculate the remainder when (z - 182)*1/(-3) is divided by k.
3
Suppose k + 4*f - 111 = 0, -165*k = -164*k - 5*f - 147. Calculate the remainder when 477 is divided by k.
96
Suppose 3*k + 6511 = s, -22*s + 20*s = -5*k - 13030. Calculate the remainder when s is divided by 38.
37
Calculate the remainder when 230 is divided by 116/10*(-270)/(-36).
56
Suppose 4*b = -3*w + 6, -2*b + 1 + 11 = -3*w. Suppose -b*j - 4*z + 35 = 0, 12*j - 7*j = 5*z. Calculate the remainder when 17 is divided by j.
2
Let j(t) = -4*t + 4. Let i = -16 - -507. Let o = i + -433. Calculate the remainder when o is divided by j(-4).
18
Suppose 3*g + 3779 = 5*a - g, -4*a = -g - 3010. Calculate the remainder when a is divided by 217.
100
What is the remainder when 6113 is divided by (41/(328/352))/2?
19
Let t(v) = -2*v**3 + 41*v**2 + 19*v + 95. Calculate the remainder when t(21) is divided by 18.
17
Let z = -26 - -23. Let m = 1 - z. Let b = -36 + 53. What is the remainder when b is divided by m?
1
Let b(v) = v**2 - 3*v - 126. Let r be b(24). Let s = -337 + r. What is the remainder when s is divided by 19?
3
Let z(q) = 3*q**3 - 2*q**2 - 3*q + 10. Let k be z(3). Let l = -38 + k. Calculate the remainder when 4 - (-1 + (1 - 96)) is divided by l.
22
Let v(m) = 342*m - 1275. What is the remainder when v(5) is divided by 13?
6
Calculate the remainder when (-9)/(144/(-88864)) + -11 is divided by 118.
115
Let t = -12 - -16. What is the remainder when 70 is divided by ((-336)/30 + t)/((-3)/10)?
22
Let h be (-2810)/35 + 5 + (-2)/(-7). Let u = h - -136. Let f = -71 + 82. What is the remainder when u is divided by f?
6
What is the remainder when 3783 is divided by -2 - -14 - 2088/(-58)?
39
Suppose -609*d + 569*d + 1720 = 0. Let g be (-37)/(-7) + 4/(-14). Suppose g*k - 257 = 158. Calculate the remainder when k is divided by d.
40
Let y(d) = 26*d + 1651. What is the remainder when 6902 is divided by y(-62)?
38
Let l = -7264 - -8053. What is the remainder when 3165 is divided by l?
9
Suppose 3*h = 4*h - 9. Suppose -3*a + 28 = -2*a. Suppose -h*u + 161 + a = 0. What is the remainder when 104 is divided by u?
20
Calculate the remainder when 2132